{"id":7,"date":"2017-02-08T15:18:48","date_gmt":"2017-02-08T15:18:48","guid":{"rendered":"https:\/\/paulbelleflamme.wordpress.com\/?page_id=7"},"modified":"2017-02-08T15:18:48","modified_gmt":"2017-02-08T15:18:48","slug":"platforms","status":"publish","type":"page","link":"https:\/\/paulbelleflamme.com\/?page_id=7","title":{"rendered":"Platforms"},"content":{"rendered":"<p>Here is my work\u00a0related to <em>digital platforms<\/em> and <em>network effects<\/em>.<\/p>\n<p><strong>Book<\/strong><\/p>\n<ul>\n<li><a href=\"https:\/\/www.routledge.com\/Platform-Strategies-A-Guidebook-for-Entrepreneurs-in-the-Platform-Economy\/Belleflamme-Neysen\/p\/book\/9781138590700?utm_source=individuals&amp;utm_medium=shared_link&amp;utm_campaign=B042298_eh1_1au_6rm_t013_1al_ip23\">Platform Strategies. A Guidebook for Entrepreneurs in the Platform Economy<\/a> (Routledge, 2023)<\/li>\n<li><a href=\"https:\/\/www.cambridge.org\/core\/books\/economics-of-platforms\/1465A930513786676D369128B0AF9D21\">The Economics of Platforms: Concepts and Strategy<\/a> (Cambridge University Press, 2021)<\/li>\n<\/ul>\n<p><strong>In refereed journals<\/strong><\/p>\n<ul>\n<li><a href=\"https:\/\/dial.uclouvain.be\/pr\/boreal\/object\/boreal:230957\">Network goods, price discrimination, and two-sided platforms<\/a> (with M. Peitz). Journal of Institutional and Theoretical economics (JITE), forthcoming.<\/li>\n<li><a href=\"https:\/\/dial.uclouvain.be\/pr\/boreal\/object\/boreal:242261\">A Multisided Value Proposition Canvas for Online Platforms<\/a> (with N. Neysen). <em>Journal of Business Ecosystems<\/em> (2) 1 (2021), 1-14.<\/li>\n<li><a href=\"https:\/\/dial.uclouvain.be\/pr\/boreal\/object\/boreal:255560\">The Tension between Market Shares and Profit under Platform Competition<\/a> (with Martin Peitz and Eric Toulemonde). <em>International Journal of Industrial Organization<\/em> 81 (2021), 102807.<\/li>\n<li><a href=\"https:\/\/dial.uclouvain.be\/pr\/boreal\/object\/boreal:227580\">Price Disclosure by Two-Sided Platforms<\/a> (with M. Peitz). <em>International Journal of Industrial Organization<\/em> 67, 102529 (2019).<\/li>\n<li><a href=\"https:\/\/dial.uclouvain.be\/pr\/boreal\/object\/boreal:215599\" target=\"_blank\" rel=\"noopener\">Managing Competition on a Two-Sided Platform<\/a> (with M. Peitz). <em>Journal of Economics and Management Strategy<\/em> 28 (2019), 5-22.<\/li>\n<li><a href=\"https:\/\/dial.uclouvain.be\/pr\/boreal\/object\/boreal:203003\" target=\"_blank\" rel=\"noopener\">Platform Competition: Who Benefits from Multihoming?<\/a> (with Martin Peitz). <em>International Journal of Industrial Organization <\/em>64 (2019), 1-26.<\/li>\n<li><a href=\"https:\/\/dial.uclouvain.be\/pr\/boreal\/object\/boreal:188080\">Tax Incidence on Competing Two-Sided Platforms<\/a> (with E. Toulemonde). <em>Journal of Public Economic Theory,<\/em> 20 (2018), 9-21.<\/li>\n<li class=\"page\" title=\"Page 5\">\n<div class=\"layoutArea\">\n<div class=\"column\">\n<p><a href=\"https:\/\/dial.uclouvain.be\/pr\/boreal\/object\/boreal:193364\" target=\"_blank\" rel=\"noopener\">The Rise and Fall of Take Eat Easy, or Why Markets are not Easy to Take in the Sharing Economy<\/a> (with N. Neysen). <em>Digiworld Economic Journal (Communications &amp; Strategies)<\/em>. N\u00b0 108 (4th Quarter, 2017), 59-76.<\/p>\n<\/div>\n<\/div>\n<\/li>\n<li><a href=\"https:\/\/dial.uclouvain.be\/pr\/boreal\/object\/boreal:178665\" target=\"_blank\" rel=\"noopener\">Who Benefits from Increased Competition Among Sellers on B2C Platforms?<\/a> (with E. Toulemonde). Research in Economics 70 (2016), 741\u2013751.<\/li>\n<li><a href=\"https:\/\/dial.uclouvain.be\/pr\/boreal\/object\/boreal:175187\" target=\"_blank\" rel=\"noopener\">Understanding the Strategies of Crowdfunding Platforms<\/a> (with N. Omrani and M. Peitz). CESifo DICE Report, 2, June (2016), 6-10.<\/li>\n<li><a href=\"https:\/\/dial.uclouvain.be\/pr\/boreal\/object\/boreal:174807\" target=\"_blank\" rel=\"noopener\">An Economic Appraisal of MOOC Platforms: Business Models and Impacts on Higher Education<\/a> (with J. Jacqmin). CESifo Economic Studies 62 (2016), 48-169.<\/li>\n<li><a href=\"https:\/\/dial.uclouvain.be\/pr\/boreal\/object\/boreal:174808\" target=\"_blank\" rel=\"noopener\">The Economics of Crowdfunding Platforms<\/a> (with N. Omrani and M. Peitz). Information Economics and Policy 33 (2015), 11-28.<\/li>\n<li><a href=\"https:\/\/dial.uclouvain.be\/pr\/boreal\/fr\/object\/boreal%3A87832\" target=\"_blank\" rel=\"noopener\">Platform Competition and Seller Investment Incentives<\/a> (with M. Peitz). European Economic Review, 50 (2010), 1059-1076.<\/li>\n<li><a href=\"https:\/\/dial.uclouvain.be\/pr\/boreal\/object\/boreal:5079\" target=\"_blank\" rel=\"noopener\">Negative Intra-Group Externalities in Two-Sided Markets<\/a> (with E. Toulemonde). International Economic Review, 50\/1 (2009), 245-272.<\/li>\n<li><a href=\"https:\/\/dial.uclouvain.be\/pr\/boreal\/fr\/object\/boreal%3A17014\" target=\"_blank\" rel=\"noopener\">Product Differentiation in Successive Vertical Oligopolies<\/a> (with E. Toulemonde). Canadian Journal of Economics, 36 (2003), 523-545.<\/li>\n<li><a href=\"https:\/\/dial.uclouvain.be\/pr\/boreal\/fr\/object\/boreal%3A73863\" target=\"_blank\" rel=\"noopener\">Coordination on Formal vs. De Facto Standards: a Dynamic Approach<\/a>. European Journal of Political Economy, 18 (2002), 153-176.<\/li>\n<li><a href=\"https:\/\/dial.uclouvain.be\/pr\/boreal\/fr\/object\/boreal%3A17016\" target=\"_blank\" rel=\"noopener\">Stable Coalition Structures with Open Membership and Asymmetric Firms<\/a>. Games and Economic Behavior, 30 (2000), 1-21.<\/li>\n<li><a href=\"https:\/\/dial.uclouvain.be\/pr\/boreal\/fr\/object\/boreal%3A17023\">An Economic Theory of Regional Clusters<\/a> (with P. Picard and J.-F. Thisse). Journal of Urban Economics 48\/1 (2000), 158-184.<\/li>\n<li><a href=\"https:\/\/dial.uclouvain.be\/pr\/boreal\/fr\/object\/boreal%3A73839\" target=\"_blank\" rel=\"noopener\">Adoption of Network Technologies in Oligopolies<\/a>. International Journal of Industrial Organization, 16 (1998), 415-444.<\/li>\n<\/ul>\n<p><strong>Book chapters<\/strong><\/p>\n<ul>\n<li><a href=\"https:\/\/www.internetmythen.de\/en\/?mythen=myth-41-network-effects-cannot-be-overcome\" target=\"_blank\" rel=\"noopener\">Myth #41. Network Effects Cannot Be Overcome<\/a>. In M.C. Ketteman and S. Dreyer (eds). <a href=\"https:\/\/www.internetmythen.de\/en\/\" target=\"_blank\" rel=\"noopener\">Busted! The Truth about the 50 Most Common Internet Myths<\/a>. Hamburg: Verlag Hans-Bredow-Institut (2020).<\/li>\n<li><a href=\"https:\/\/dial.uclouvain.be\/pr\/boreal\/fr\/object\/boreal%3A203991\" target=\"_blank\" rel=\"noopener\">Inside the Engine Room of Digital Platforms: Review, Ratings and Recommendations<\/a> (with Martin Peitz). In Ganuza, J.J. and G. Llobet (Eds). <a href=\"https:\/\/blog.funcas.es\/wp-content\/uploads\/2018\/11\/Economic-Analysis-of-the-Digital-Revolution.pdf\" target=\"_blank\" rel=\"noopener\">Economic Analysis of the Digital Revolution. FUNCAS Social and Economic Studies 5<\/a>. Funcas: Madrid, Spain (2018).<\/li>\n<li><a href=\"https:\/\/dial.uclouvain.be\/pr\/boreal\/object\/boreal:177822\" target=\"_blank\" rel=\"noopener\">Platforms and network effects<\/a> (with Martin Peitz).\u00a0In\u00a0<em><a href=\"https:\/\/www.e-elgar.com\/shop\/handbook-of-game-theory-and-industrial-organization-volume-2\" target=\"_blank\" rel=\"noopener\">Handbook of Game Theory and Industrial Organization, Volume II<\/a><\/em> edited by Luis Corchon and Marco Marini, Edward Elgar. 2018.<\/li>\n<li><a href=\"https:\/\/dial.uclouvain.be\/pr\/boreal\/fr\/object\/boreal%3A203019\" target=\"_blank\" rel=\"noopener\">Les plateformes de l&rsquo;\u00e9conomie collaborative: fonctionnement et enjeux<\/a>. In\u00a0<em><a href=\"http:\/\/www.deboecksuperieur.com\/ouvrage\/9782807307674-la-consommation-collaborative\" target=\"_blank\" rel=\"noopener\">La consommation collaborative. Enjeux et d\u00e9fis de la nouvelle soci\u00e9t\u00e9 du partage<\/a>,<\/em> dirig\u00e9 par Alain Decrop (Universit\u00e9 de Namur), De Boeck. 2017<\/li>\n<li><a href=\"https:\/\/dial.uclouvain.be\/pr\/boreal\/fr\/object\/boreal%3A18175\" target=\"_blank\" rel=\"noopener\">Coopetition in Infomediation<\/a>: General Analysis and Application to e-Tourism (with N. Neysen). In A. Matias, P. Nijkamp and M. Sarmento (eds.) Advances in Modern Tourism. New Developments. Chapter 14. 217-234 (2009). Berlin: Springer.<\/li>\n<\/ul>\n<p><strong>Large audience<\/strong><\/p>\n<ul>\n<li><a href=\"https:\/\/dial.uclouvain.be\/pr\/boreal\/object\/boreal:227581\">The competitive impacts of exclusivity and price transparency in markets with digital platforms<\/a> (with M. Peitz). <em>Concurrences<\/em> N\u00b0 1 (2020), 2-12.<\/li>\n<li><a href=\"https:\/\/theconversation.com\/uber-va-t-il-mourir-88663\" target=\"_blank\" rel=\"noopener\">Uber va-t-il mourir?<\/a> The Conversation, December 2017.<\/li>\n<li><a href=\"https:\/\/paulbelleflamme.wordpress.com\/wp-content\/uploads\/2017\/11\/enquete440.pdf\" target=\"_blank\" rel=\"noopener\">A qui profitent les sites de partage?<\/a> Interview in <a href=\"https:\/\/www.caminteresse.fr\" target=\"_blank\" rel=\"noopener\">Ca m&rsquo;int\u00e9resse<\/a> (October 2017, 74-77).<\/li>\n<li><a href=\"https:\/\/theconversation.com\/dans-leconomie-du-partage-il-faut-comprendre-que-les-taxes-aussi-sont-partagees-58016\" target=\"_blank\" rel=\"noopener\">Dans l&rsquo;\u00e9conomie du partage, il faut comprendre que les taxes aussi sont partag\u00e9es<\/a>. The Conversation, May 2016.<\/li>\n<li><a href=\"http:\/\/www.regards-economiques.be\/index.php?option=com_reco&amp;view=article&amp;cid=139\" target=\"_blank\" rel=\"noopener\">Les plateformes MOOCs. Menaces et opportunit\u00e9s pour l\u2019enseignement universitaire <\/a>(with J. Jacqmin). Regards Economiques, 110 (2014).<\/li>\n<\/ul>\n","protected":false},"excerpt":{"rendered":"<p>This is the child page&rsquo;s excerpt<\/p>\n","protected":false},"author":1,"featured_media":0,"parent":919,"menu_order":1,"comment_status":"closed","ping_status":"closed","template":"","meta":{"footnotes":""},"class_list":["post-7","page","type-page","status-publish","hentry"],"_links":{"self":[{"href":"https:\/\/paulbelleflamme.com\/index.php?rest_route=\/wp\/v2\/pages\/7","targetHints":{"allow":["GET"]}}],"collection":[{"href":"https:\/\/paulbelleflamme.com\/index.php?rest_route=\/wp\/v2\/pages"}],"about":[{"href":"https:\/\/paulbelleflamme.com\/index.php?rest_route=\/wp\/v2\/types\/page"}],"author":[{"embeddable":true,"href":"https:\/\/paulbelleflamme.com\/index.php?rest_route=\/wp\/v2\/users\/1"}],"replies":[{"embeddable":true,"href":"https:\/\/paulbelleflamme.com\/index.php?rest_route=%2Fwp%2Fv2%2Fcomments&post=7"}],"version-history":[{"count":0,"href":"https:\/\/paulbelleflamme.com\/index.php?rest_route=\/wp\/v2\/pages\/7\/revisions"}],"up":[{"embeddable":true,"href":"https:\/\/paulbelleflamme.com\/index.php?rest_route=\/wp\/v2\/pages\/919"}],"wp:attachment":[{"href":"https:\/\/paulbelleflamme.com\/index.php?rest_route=%2Fwp%2Fv2%2Fmedia&parent=7"}],"curies":[{"name":"wp","href":"https:\/\/api.w.org\/{rel}","templated":true}]}}